{"id":139,"date":"2024-07-21T17:25:05","date_gmt":"2024-07-21T17:25:05","guid":{"rendered":"https:\/\/www.fsoberegg.ch\/?page_id=139"},"modified":"2025-09-13T21:41:40","modified_gmt":"2025-09-13T21:41:40","slug":"jubilueumsschiessen","status":"publish","type":"page","link":"https:\/\/www.fsoberegg.ch\/index.php\/jubilueumsschiessen\/","title":{"rendered":"Jubil\u00e4umsschiessen"},"content":{"rendered":"<section style=\"margin-top: 20px;\">\n<p>\n    Erfolgreicher Abschluss des Schiessanlasses mit <strong>723 Teilnehmern<\/strong>.<br \/>\n    Herzlichen Dank allen f\u00fcr die Teilnahme \u2013 wir freuen uns bereits auf den Jubil\u00e4umsanlass mit Absenden.<br \/>\n    Dann werden auch die Ranglisten ver\u00f6ffentlicht.\n  <\/p>\n<\/section>\n<div style=\"text-align: center; margin: 30px 0; padding: 20px; background-color: #f1f1f1; border-radius: 10px;\">\n<h2 style=\"margin-bottom: 15px; color: #333;\">Ranglisten<\/h2>\n<p style=\"font-size: 1rem; color: #555;\">\n    Die Ranglisten des Jubil\u00e4umsschiessens werden nach dem Jubil\u00e4umsabend (13. September 2025) hier ver\u00f6ffentlicht.\n  <\/p>\n<ul style=\"list-style-type: none; padding: 0;\">\n<li>\n      <a href=\"https:\/\/www.fsoberegg.ch\/wp-content\/uploads\/2025\/09\/Deckblatt-Rangliste.pdf\" \n         target=\"_blank\" \n         rel=\"noreferrer noopener\" \n         style=\"text-decoration: none; font-size: 1rem; color: #0056b3; font-weight: bold;\"><br \/>\n        Deckblatt<br \/>\n      <\/a>\n    <\/li>\n<\/ul>\n<ul style=\"list-style-type: none; padding: 0;\">\n<li>\n      <a href=\"https:\/\/www.fsoberegg.ch\/wp-content\/uploads\/2025\/09\/Vereinsrangliste.pdf\" \n         target=\"_blank\" \n         rel=\"noreferrer noopener\" \n         style=\"text-decoration: none; font-size: 1rem; color: #0056b3; font-weight: bold;\"><br \/>\n        Vereinsrangliste<br \/>\n      <\/a>\n    <\/li>\n<\/ul>\n<ul style=\"list-style-type: none; padding: 0;\">\n<li>\n      <a href=\"https:\/\/www.fsoberegg.ch\/wp-content\/uploads\/2025\/09\/Einzelranglisten.pdf\" \n         target=\"_blank\" \n         rel=\"noreferrer noopener\" \n         style=\"text-decoration: none; font-size: 1rem; color: #0056b3; font-weight: bold;\"><br \/>\n        Einzelrangliste<br \/>\n      <\/a>\n    <\/li>\n<\/ul>\n<ul style=\"list-style-type: none; padding: 0;\">\n<li>\n      <a href=\"https:\/\/www.fsoberegg.ch\/wp-content\/uploads\/2025\/09\/Kategoriensieger.pdf\" \n         target=\"_blank\" \n         rel=\"noreferrer noopener\" \n         style=\"text-decoration: none; font-size: 1rem; color: #0056b3; font-weight: bold;\"><br \/>\n        Kategoriensieger<br \/>\n      <\/a>\n    <\/li>\n<\/ul>\n<ul style=\"list-style-type: none; padding: 0;\">\n<li>\n      <a href=\"https:\/\/www.fsoberegg.ch\/wp-content\/uploads\/2025\/09\/Gruppe_JungAlt.pdf\" \n         target=\"_blank\" \n         rel=\"noreferrer noopener\" \n         style=\"text-decoration: none; font-size: 1rem; color: #0056b3; font-weight: bold;\"><br \/>\n        Gruppenrangliste Jung &#038; Alt<br \/>\n      <\/a>\n    <\/li>\n<\/ul>\n<ul style=\"list-style-type: none; padding: 0;\">\n<li>\n      <a href=\"https:\/\/www.fsoberegg.ch\/wp-content\/uploads\/2025\/09\/Vereinsabrechnung.pdf\" \n         target=\"_blank\" \n         rel=\"noreferrer noopener\" \n         style=\"text-decoration: none; font-size: 1rem; color: #0056b3; font-weight: bold;\"><br \/>\n        Vereinsabrechnung<br \/>\n      <\/a>\n    <\/li>\n<\/ul>\n<\/div>\n<div style=\"text-align: center; margin: 30px 0; padding: 20px; background-color: #f1f1f1; border-radius: 10px;\">\n<h2 style=\"margin-bottom: 15px; color: #333;\">Jubil\u00e4umsbericht<\/h2>\n<ul style=\"list-style-type: none; padding: 0;\">\n<li>\n      <a href=\"https:\/\/www.fsoberegg.ch\/wp-content\/uploads\/2025\/09\/Jubilaeumsbericht-200-Jahre-Feldschuetzen-Oberegg.pdf\" \n         target=\"_blank\" \n         rel=\"noreferrer noopener\" \n         style=\"text-decoration: none; font-size: 1rem; color: #0056b3; font-weight: bold;\"><br \/>\n        Jubil\u00e4umsbericht<br \/>\n      <\/a>\n    <\/li>\n<\/ul>\n<\/div>\n<section style=\"margin-top: 40px;\">\n<h1>Wir werden 200!<\/h1>\n<p>\n    Aus diesem Anlass l\u00e4dt Sie der Sch\u00fctzenverein <strong>Feldsch\u00fctzen Oberegg AI<\/strong> herzlich zu unserem<br \/>\n    Jubil\u00e4umsschiessen 2025 ein. Besuchen Sie uns und erleben Sie spannende Wettk\u00e4mpfe in einer tollen Atmosph\u00e4re.\n  <\/p>\n<\/section>\n<div class=\"content\">\n  <!-- \n\n<div class=\"section\">\n    \n\n<h2>Schiesszeiten:<\/h2>\n\n\n    \n\n<ul>\n      \n\n<li><strong>23. August 2025:<\/strong> 08:00 - 18:00 Uhr<\/li>\n\n\n      \n\n<li><strong>29. August 2025:<\/strong> 14:00 - 19:30 Uhr<\/li>\n\n\n      \n\n<li><strong>30. August 2025:<\/strong> 08:00 - 18:00 Uhr<\/li>\n\n\n    <\/ul>\n\n\n  <\/div>\n\n --><\/p>\n<div class=\"section\">\n<h2>Jubil\u00e4umsabend:<\/h2>\n<p>    <strong>13. September 2025<\/strong><\/p>\n<p>    <strong>Vereinssaal<\/strong><br \/>\n    <strong>Kirchplatz 7<\/strong><br \/>\n    <strong>9413 Oberegg<\/strong><\/p>\n<p><!--\n    <strong>Programm:<\/strong>\n    \n\n<ul>\n      \n\n<li>Festakt<\/li>\n\n\n      \n\n<li>Rangverlesen<\/li>\n\n\n      \n\n<li>Show der MGO<\/li>\n\n\n      \n\n<li>Lachen mit \"Sch\u00f6su\"<\/li>\n\n\n      \n\n<li>Anschliessend Bar<\/li>\n\n\n    <\/ul>\n\n\n--><\/p>\n<h2>Zeitplan Jubil\u00e4umsabend:<\/h2>\n<ul>\n<li><strong>18:30 Uhr:<\/strong> Besammlung beim Drei K\u00f6nig<\/li>\n<li><strong>18:40 Uhr:<\/strong> Aufmarsch zum Vereinssaal \u2013 M\u00f6glichkeit zum Nachtessen<\/li>\n<li><strong>19:30 Uhr:<\/strong> Konzert der MGO<\/li>\n<li><strong>21:00 Uhr:<\/strong> Unterhaltung mit \u00abSch\u00f6su\u00bb<\/li>\n<li><strong>21:30 Uhr:<\/strong> Festakt<\/li>\n<li><strong>22:40 Uhr:<\/strong> Absenden des Jubil\u00e4umsschiessen<\/li>\n<li><strong>Anschliessend:<\/strong> Barbetrieb<\/li>\n<\/ul><\/div>\n<\/div>\n<div style=\"display: flex; justify-content: center; align-items: center;\">\n<figure class=\"wp-block-image size-full is-resized\" style=\"margin: 0 10px;\">\n    <a href=\"https:\/\/www.fsoberegg.ch\/wp-content\/uploads\/2024\/07\/Flyer_200_J._Jub._FSO.pdf\" target=\"_blank\" rel=\"noreferrer noopener\"><br \/>\n      <img decoding=\"async\" style=\"width: 300px; height: auto;\" src=\"https:\/\/www.fsoberegg.ch\/wp-content\/uploads\/2024\/07\/Flyer_Jubilaeumsschiessen.jpg\" alt=\"Flyer Jubil\u00e4umsschie\u00dfen\" \/><br \/>\n    <\/a><br \/>\n  <\/figure>\n<figure class=\"wp-block-image size-full is-resized\" style=\"margin: 0 10px;\">\n    <a href=\"https:\/\/www.fsoberegg.ch\/wp-content\/uploads\/2024\/07\/Flyer_200_J._Jub._FSO.pdf\" target=\"_blank\" rel=\"noreferrer noopener\"><br \/>\n      <img decoding=\"async\" style=\"width: 300px; height: auto;\" src=\"https:\/\/www.fsoberegg.ch\/wp-content\/uploads\/2024\/07\/Flyer_Jubilaeumsschiessen2.jpg\" alt=\"Flyer Jubil\u00e4umsschie\u00dfen\" \/><br \/>\n    <\/a><br \/>\n  <\/figure>\n<\/div>\n<div style=\"text-align: center; margin: 30px 0; padding: 20px; background-color: #f9f9f9; border-radius: 10px; box-shadow: 0 4px 8px rgba(0, 0, 0, 0.1);\">\n<h2 style=\"margin-bottom: 15px; color: #333;\">Schiessplan<\/h2>\n<p style=\"margin-bottom: 10px; font-size: 1rem; color: #555;\">Laden Sie den Schiessplan hier herunter:<\/p>\n<ul style=\"list-style-type: none; padding: 0;\">\n<li>\n      <a href=\"https:\/\/www.fsoberegg.ch\/wp-content\/uploads\/2024\/11\/Schiessplan-Jubilaeum-200-FSO.pdf\" \n         target=\"_blank\" \n         rel=\"noreferrer noopener\" \n         style=\"text-decoration: none; font-size: 1rem; color: #0056b3; font-weight: bold;\"><br \/>\n        Schiessplan<br \/>\n      <\/a>\n    <\/li>\n<\/ul>\n<p><!-- \n  \n\n<h2 style=\"margin-bottom: 15px; color: #333;\">Anmeldeformulare<\/h2>\n\n\n  \n\n<p style=\"margin-bottom: 10px; font-size: 1rem; color: #555;\">Laden Sie die Anmeldeformulare hier herunter:<\/p>\n\n\n  \n\n<ul style=\"list-style-type: none; padding: 0;\">\n    \n\n<li style=\"margin-bottom: 10px;\">\n      <a href=\"https:\/\/www.fsoberegg.ch\/wp-content\/uploads\/2024\/11\/2025-Anmeldeformular-200-J.-FSO-Vereinswettkampf.xlsx\" \n         target=\"_blank\" \n         rel=\"noreferrer noopener\" \n         style=\"text-decoration: none; font-size: 1rem; color: #0056b3; font-weight: bold;\">\n        Anmeldung Vereinswettkampf\n      <\/a>\n    <\/li>\n\n\n    \n\n<li>\n      <a href=\"https:\/\/www.fsoberegg.ch\/wp-content\/uploads\/2024\/11\/2025-Anmeldeformular-200-J.-FSO-Gruppe-JungAlt.xlsx\" \n         target=\"_blank\" \n         rel=\"noreferrer noopener\" \n         style=\"text-decoration: none; font-size: 1rem; color: #0056b3; font-weight: bold;\">\n        Anmeldung Gruppe Jung & Alt\n      <\/a>\n    <\/li>\n\n\n  <\/ul>\n\n\n\n-->\n<\/div>\n<div style=\"text-align: center; margin: 0 auto; max-width: 100%; overflow-x: auto;\">\n<h2 style=\"text-align: center;\">OK<\/h2>\n<figure>\n<table style=\"border-collapse: collapse; width: 100%; margin: 0 auto; max-width: 800px;\">\n<tbody>\n<tr style=\"border-bottom: 1px solid #ddd;\">\n<td style=\"padding: 8px; border-right: 1px solid #ddd;\"><strong>Pr\u00e4sident<\/strong><br \/>Viktor Sonderegger<br \/>\n            <a href=\"mailto:viktor.sonderegger@fsoberegg.ch\">viktor.sonderegger@fsoberegg.ch<\/a>\n          <\/td>\n<td style=\"padding: 8px;\"><strong>Kassier &amp; VP<\/strong><br \/>Niklaus Sonderegger<br \/>\n            <a href=\"mailto:niklaus.sonderegger@fsoberegg.ch\">niklaus.sonderegger@fsoberegg.ch<\/a>\n          <\/td>\n<\/tr>\n<tr style=\"border-bottom: 1px solid #ddd;\">\n<td style=\"padding: 8px; border-right: 1px solid #ddd;\"><strong>Sekret\u00e4r<\/strong><br \/>Christoph Locher<br \/>\n            <a href=\"mailto:christoph.locher@fsoberegg.ch\">christoph.locher@fsoberegg.ch<\/a>\n          <\/td>\n<td style=\"padding: 8px;\"><strong>Schiessen<\/strong><br \/>Lukas Walser<br \/>\n            <a href=\"mailto:lukas.walser@fsoberegg.ch\">lukas.walser@fsoberegg.ch<\/a>\n          <\/td>\n<\/tr>\n<tr style=\"border-bottom: 1px solid #ddd;\">\n<td style=\"padding: 8px; border-right: 1px solid #ddd;\"><strong>Bau &amp; Verkehr<\/strong><br \/>Kurt Sonderegger<br \/>\n            <a href=\"mailto:kurt.sonderegger@fsoberegg.ch\">kurt.sonderegger@fsoberegg.ch<\/a>\n          <\/td>\n<td style=\"padding: 8px;\"><strong>Festwirtschaft<\/strong><br \/>Guido Locher<br \/>\n            <a href=\"mailto:guido.locher@fsoberegg.ch\">guido.locher@fsoberegg.ch<\/a>\n          <\/td>\n<\/tr>\n<tr>\n<td style=\"padding: 8px; border-right: 1px solid #ddd;\"><strong>Tombola<\/strong><br \/>Max F\u00fcrer<br \/>\n            <a href=\"mailto:max.fuerer@fsoberegg.ch\">max.fuerer@fsoberegg.ch<\/a>\n          <\/td>\n<td style=\"padding: 8px;\"><strong>Jubil\u00e4umsabend<\/strong><br \/>Adrian Eugster<br \/>\n            <a href=\"mailto:adrian.eugster@fsoberegg.ch\">adrian.eugster@fsoberegg.ch<\/a>\n          <\/td>\n<\/tr>\n<\/tbody>\n<\/table>\n<\/figure>\n<\/div>\n","protected":false},"excerpt":{"rendered":"<p>Erfolgreicher Abschluss des Schiessanlasses mit 723 Teilnehmern. Herzlichen Dank allen f\u00fcr die Teilnahme \u2013 wir freuen uns bereits auf den Jubil\u00e4umsanlass mit Absenden. Dann werden auch die Ranglisten ver\u00f6ffentlicht. Ranglisten Die Ranglisten des Jubil\u00e4umsschiessens werden nach dem Jubil\u00e4umsabend (13. September 2025) hier ver\u00f6ffentlicht. Deckblatt Vereinsrangliste Einzelrangliste Kategoriensieger Gruppenrangliste Jung &#038; Alt Vereinsabrechnung Jubil\u00e4umsbericht Jubil\u00e4umsbericht Wir [&hellip;]<\/p>\n","protected":false},"author":1,"featured_media":0,"parent":0,"menu_order":0,"comment_status":"closed","ping_status":"closed","template":"","meta":{"footnotes":""},"class_list":["post-139","page","type-page","status-publish","hentry"],"_links":{"self":[{"href":"https:\/\/www.fsoberegg.ch\/index.php\/wp-json\/wp\/v2\/pages\/139","targetHints":{"allow":["GET"]}}],"collection":[{"href":"https:\/\/www.fsoberegg.ch\/index.php\/wp-json\/wp\/v2\/pages"}],"about":[{"href":"https:\/\/www.fsoberegg.ch\/index.php\/wp-json\/wp\/v2\/types\/page"}],"author":[{"embeddable":true,"href":"https:\/\/www.fsoberegg.ch\/index.php\/wp-json\/wp\/v2\/users\/1"}],"replies":[{"embeddable":true,"href":"https:\/\/www.fsoberegg.ch\/index.php\/wp-json\/wp\/v2\/comments?post=139"}],"version-history":[{"count":23,"href":"https:\/\/www.fsoberegg.ch\/index.php\/wp-json\/wp\/v2\/pages\/139\/revisions"}],"predecessor-version":[{"id":451,"href":"https:\/\/www.fsoberegg.ch\/index.php\/wp-json\/wp\/v2\/pages\/139\/revisions\/451"}],"wp:attachment":[{"href":"https:\/\/www.fsoberegg.ch\/index.php\/wp-json\/wp\/v2\/media?parent=139"}],"curies":[{"name":"wp","href":"https:\/\/api.w.org\/{rel}","templated":true}]}}

Jubiläumsschiessen

<section style="margin-top: 20px;">
<p>
    Erfolgreicher Abschluss des Schiessanlasses mit <strong>723 Teilnehmern</strong>.<br />
    Herzlichen Dank allen für die Teilnahme – wir freuen uns bereits auf den Jubiläumsanlass mit Absenden.<br />
    Dann werden auch die Ranglisten veröffentlicht.
  </p>
</section>
<div style="text-align: center; margin: 30px 0; padding: 20px; background-color: #f1f1f1; border-radius: 10px;">
<h2 style="margin-bottom: 15px; color: #333;">Ranglisten</h2>
<p style="font-size: 1rem; color: #555;">
    Die Ranglisten des Jubiläumsschiessens werden nach dem Jubiläumsabend (13. September 2025) hier veröffentlicht.
  </p>
<ul style="list-style-type: none; padding: 0;">
<li>
      <a href="https://www.fsoberegg.ch/wp-content/uploads/2025/09/Deckblatt-Rangliste.pdf" 
         target="_blank" 
         rel="noreferrer noopener" 
         style="text-decoration: none; font-size: 1rem; color: #0056b3; font-weight: bold;"><br />
        Deckblatt<br />
      </a>
    </li>
</ul>
<ul style="list-style-type: none; padding: 0;">
<li>
      <a href="https://www.fsoberegg.ch/wp-content/uploads/2025/09/Vereinsrangliste.pdf" 
         target="_blank" 
         rel="noreferrer noopener" 
         style="text-decoration: none; font-size: 1rem; color: #0056b3; font-weight: bold;"><br />
        Vereinsrangliste<br />
      </a>
    </li>
</ul>
<ul style="list-style-type: none; padding: 0;">
<li>
      <a href="https://www.fsoberegg.ch/wp-content/uploads/2025/09/Einzelranglisten.pdf" 
         target="_blank" 
         rel="noreferrer noopener" 
         style="text-decoration: none; font-size: 1rem; color: #0056b3; font-weight: bold;"><br />
        Einzelrangliste<br />
      </a>
    </li>
</ul>
<ul style="list-style-type: none; padding: 0;">
<li>
      <a href="https://www.fsoberegg.ch/wp-content/uploads/2025/09/Kategoriensieger.pdf" 
         target="_blank" 
         rel="noreferrer noopener" 
         style="text-decoration: none; font-size: 1rem; color: #0056b3; font-weight: bold;"><br />
        Kategoriensieger<br />
      </a>
    </li>
</ul>
<ul style="list-style-type: none; padding: 0;">
<li>
      <a href="https://www.fsoberegg.ch/wp-content/uploads/2025/09/Gruppe_JungAlt.pdf" 
         target="_blank" 
         rel="noreferrer noopener" 
         style="text-decoration: none; font-size: 1rem; color: #0056b3; font-weight: bold;"><br />
        Gruppenrangliste Jung &#038; Alt<br />
      </a>
    </li>
</ul>
<ul style="list-style-type: none; padding: 0;">
<li>
      <a href="https://www.fsoberegg.ch/wp-content/uploads/2025/09/Vereinsabrechnung.pdf" 
         target="_blank" 
         rel="noreferrer noopener" 
         style="text-decoration: none; font-size: 1rem; color: #0056b3; font-weight: bold;"><br />
        Vereinsabrechnung<br />
      </a>
    </li>
</ul>
</div>
<div style="text-align: center; margin: 30px 0; padding: 20px; background-color: #f1f1f1; border-radius: 10px;">
<h2 style="margin-bottom: 15px; color: #333;">Jubiläumsbericht</h2>
<ul style="list-style-type: none; padding: 0;">
<li>
      <a href="https://www.fsoberegg.ch/wp-content/uploads/2025/09/Jubilaeumsbericht-200-Jahre-Feldschuetzen-Oberegg.pdf" 
         target="_blank" 
         rel="noreferrer noopener" 
         style="text-decoration: none; font-size: 1rem; color: #0056b3; font-weight: bold;"><br />
        Jubiläumsbericht<br />
      </a>
    </li>
</ul>
</div>
<section style="margin-top: 40px;">
<h1>Wir werden 200!</h1>
<p>
    Aus diesem Anlass lädt Sie der Schützenverein <strong>Feldschützen Oberegg AI</strong> herzlich zu unserem<br />
    Jubiläumsschiessen 2025 ein. Besuchen Sie uns und erleben Sie spannende Wettkämpfe in einer tollen Atmosphäre.
  </p>
</section>
<div class="content">
  <!-- 

<div class="section">
    

<h2>Schiesszeiten:</h2>


    

<ul>
      

<li><strong>23. August 2025:</strong> 08:00 - 18:00 Uhr</li>


      

<li><strong>29. August 2025:</strong> 14:00 - 19:30 Uhr</li>


      

<li><strong>30. August 2025:</strong> 08:00 - 18:00 Uhr</li>


    </ul>


  </div>

 --></p>
<div class="section">
<h2>Jubiläumsabend:</h2>
<p>    <strong>13. September 2025</strong></p>
<p>    <strong>Vereinssaal</strong><br />
    <strong>Kirchplatz 7</strong><br />
    <strong>9413 Oberegg</strong></p>
<p><!--
    <strong>Programm:</strong>
    

<ul>
      

<li>Festakt</li>


      

<li>Rangverlesen</li>


      

<li>Show der MGO</li>


      

<li>Lachen mit "Schösu"</li>


      

<li>Anschliessend Bar</li>


    </ul>


--></p>
<h2>Zeitplan Jubiläumsabend:</h2>
<ul>
<li><strong>18:30 Uhr:</strong> Besammlung beim Drei König</li>
<li><strong>18:40 Uhr:</strong> Aufmarsch zum Vereinssaal – Möglichkeit zum Nachtessen</li>
<li><strong>19:30 Uhr:</strong> Konzert der MGO</li>
<li><strong>21:00 Uhr:</strong> Unterhaltung mit «Schösu»</li>
<li><strong>21:30 Uhr:</strong> Festakt</li>
<li><strong>22:40 Uhr:</strong> Absenden des Jubiläumsschiessen</li>
<li><strong>Anschliessend:</strong> Barbetrieb</li>
</ul></div>
</div>
<div style="display: flex; justify-content: center; align-items: center;">
<figure class="wp-block-image size-full is-resized" style="margin: 0 10px;">
    <a href="https://www.fsoberegg.ch/wp-content/uploads/2024/07/Flyer_200_J._Jub._FSO.pdf" target="_blank" rel="noreferrer noopener"><br />
      <img decoding="async" style="width: 300px; height: auto;" src="https://www.fsoberegg.ch/wp-content/uploads/2024/07/Flyer_Jubilaeumsschiessen.jpg" alt="Flyer Jubiläumsschießen" /><br />
    </a><br />
  </figure>
<figure class="wp-block-image size-full is-resized" style="margin: 0 10px;">
    <a href="https://www.fsoberegg.ch/wp-content/uploads/2024/07/Flyer_200_J._Jub._FSO.pdf" target="_blank" rel="noreferrer noopener"><br />
      <img decoding="async" style="width: 300px; height: auto;" src="https://www.fsoberegg.ch/wp-content/uploads/2024/07/Flyer_Jubilaeumsschiessen2.jpg" alt="Flyer Jubiläumsschießen" /><br />
    </a><br />
  </figure>
</div>
<div style="text-align: center; margin: 30px 0; padding: 20px; background-color: #f9f9f9; border-radius: 10px; box-shadow: 0 4px 8px rgba(0, 0, 0, 0.1);">
<h2 style="margin-bottom: 15px; color: #333;">Schiessplan</h2>
<p style="margin-bottom: 10px; font-size: 1rem; color: #555;">Laden Sie den Schiessplan hier herunter:</p>
<ul style="list-style-type: none; padding: 0;">
<li>
      <a href="https://www.fsoberegg.ch/wp-content/uploads/2024/11/Schiessplan-Jubilaeum-200-FSO.pdf" 
         target="_blank" 
         rel="noreferrer noopener" 
         style="text-decoration: none; font-size: 1rem; color: #0056b3; font-weight: bold;"><br />
        Schiessplan<br />
      </a>
    </li>
</ul>
<p><!-- 
  

<h2 style="margin-bottom: 15px; color: #333;">Anmeldeformulare</h2>


  

<p style="margin-bottom: 10px; font-size: 1rem; color: #555;">Laden Sie die Anmeldeformulare hier herunter:</p>


  

<ul style="list-style-type: none; padding: 0;">
    

<li style="margin-bottom: 10px;">
      <a href="https://www.fsoberegg.ch/wp-content/uploads/2024/11/2025-Anmeldeformular-200-J.-FSO-Vereinswettkampf.xlsx" 
         target="_blank" 
         rel="noreferrer noopener" 
         style="text-decoration: none; font-size: 1rem; color: #0056b3; font-weight: bold;">
        Anmeldung Vereinswettkampf
      </a>
    </li>


    

<li>
      <a href="https://www.fsoberegg.ch/wp-content/uploads/2024/11/2025-Anmeldeformular-200-J.-FSO-Gruppe-JungAlt.xlsx" 
         target="_blank" 
         rel="noreferrer noopener" 
         style="text-decoration: none; font-size: 1rem; color: #0056b3; font-weight: bold;">
        Anmeldung Gruppe Jung & Alt
      </a>
    </li>


  </ul>



-->
</div>
<div style="text-align: center; margin: 0 auto; max-width: 100%; overflow-x: auto;">
<h2 style="text-align: center;">OK</h2>
<figure>
<table style="border-collapse: collapse; width: 100%; margin: 0 auto; max-width: 800px;">
<tbody>
<tr style="border-bottom: 1px solid #ddd;">
<td style="padding: 8px; border-right: 1px solid #ddd;"><strong>Präsident</strong><br />Viktor Sonderegger<br />
            <a href="mailto:viktor.sonderegger@fsoberegg.ch">viktor.sonderegger@fsoberegg.ch</a>
          </td>
<td style="padding: 8px;"><strong>Kassier &amp; VP</strong><br />Niklaus Sonderegger<br />
            <a href="mailto:niklaus.sonderegger@fsoberegg.ch">niklaus.sonderegger@fsoberegg.ch</a>
          </td>
</tr>
<tr style="border-bottom: 1px solid #ddd;">
<td style="padding: 8px; border-right: 1px solid #ddd;"><strong>Sekretär</strong><br />Christoph Locher<br />
            <a href="mailto:christoph.locher@fsoberegg.ch">christoph.locher@fsoberegg.ch</a>
          </td>
<td style="padding: 8px;"><strong>Schiessen</strong><br />Lukas Walser<br />
            <a href="mailto:lukas.walser@fsoberegg.ch">lukas.walser@fsoberegg.ch</a>
          </td>
</tr>
<tr style="border-bottom: 1px solid #ddd;">
<td style="padding: 8px; border-right: 1px solid #ddd;"><strong>Bau &amp; Verkehr</strong><br />Kurt Sonderegger<br />
            <a href="mailto:kurt.sonderegger@fsoberegg.ch">kurt.sonderegger@fsoberegg.ch</a>
          </td>
<td style="padding: 8px;"><strong>Festwirtschaft</strong><br />Guido Locher<br />
            <a href="mailto:guido.locher@fsoberegg.ch">guido.locher@fsoberegg.ch</a>
          </td>
</tr>
<tr>
<td style="padding: 8px; border-right: 1px solid #ddd;"><strong>Tombola</strong><br />Max Fürer<br />
            <a href="mailto:max.fuerer@fsoberegg.ch">max.fuerer@fsoberegg.ch</a>
          </td>
<td style="padding: 8px;"><strong>Jubiläumsabend</strong><br />Adrian Eugster<br />
            <a href="mailto:adrian.eugster@fsoberegg.ch">adrian.eugster@fsoberegg.ch</a>
          </td>
</tr>
</tbody>
</table>
</figure>
</div>

<p>Erfolgreicher Abschluss des Schiessanlasses mit 723 Teilnehmern. Herzlichen Dank allen für die Teilnahme – wir freuen uns bereits auf den Jubiläumsanlass mit Absenden. Dann werden auch die Ranglisten veröffentlicht. Ranglisten Die Ranglisten des Jubiläumsschiessens werden nach dem Jubiläumsabend (13. September 2025) hier veröffentlicht. Deckblatt Vereinsrangliste Einzelrangliste Kategoriensieger Gruppenrangliste Jung &#038; Alt Vereinsabrechnung Jubiläumsbericht Jubiläumsbericht Wir [&hellip;]</p>
